{"id":2033,"date":"2021-06-06T20:51:46","date_gmt":"2021-06-06T20:51:46","guid":{"rendered":"https:\/\/institutoplenus.com.br\/web\/?post_type=product&#038;p=2033"},"modified":"2021-07-21T00:08:59","modified_gmt":"2021-07-21T00:08:59","slug":"tecnico-em-enfermagem","status":"publish","type":"product","link":"https:\/\/institutoplenus.com.br\/web\/cursos\/tecnico-em-enfermagem\/","title":{"rendered":"T\u00e9cnico em Enfermagem"},"content":{"rendered":"<p>[vc_row][vc_column][vc_column_text]A enfermagem \u00e9 a ci\u00eancia que capacita profissionais na arte de cuidar do pr\u00f3ximo.<\/p>\n<p>O curso de T\u00e9cnico \u00a0em \u00a0Enfermagem no Plenus apresenta-se\u00a0 tr\u00eas itiner\u00e1rios formativos (caminhos de forma\u00e7\u00e3o) s\u00e3o eles:<\/p>\n<ul>\n<li>Quando finaliza o M\u00f3dulo I- Voc\u00ea j\u00e1 pode trabalhar como Cuidador de Idosos<\/li>\n<li>Quando finaliza o M\u00f3dulo I e II- Voc\u00ea j\u00e1 pode trabalhar como Auxiliar de Enfermagem.<\/li>\n<li>Quando finaliza o M\u00f3dulo I, II e III &#8211; Voc\u00ea estar\u00e1 formada (o)\u00a0 em T\u00e9cnico em Enfermagem.<\/li>\n<\/ul>\n<p><strong>O que faz um Cuidador de Idosos: <\/strong>cuida de idosos e pessoas com comorbidades quanto sua alimenta\u00e7\u00f5es, higiene, medicamentos, bem-estar.<\/p>\n<p><strong>O que faz um Auxiliar de Enfermagem: <\/strong>preparo do paciente para consultas e procedimentos,\u00a0 segue orienta\u00e7\u00f5es dos enfermeiros e e da equipe m\u00e9dica, auxilia na higiene dos pacientes, colhe materiais de exames, aplica inje\u00e7\u00f5es \u00a0, realiza curativos,\u00a0 esterilizar instrumentos e equipamentos hospitalares, realiza\u00e7\u00f5es anota\u00e7\u00f5es de enfermagem, principalmente dos sinais vitais : aferi\u00e7\u00e3o de press\u00e3o arterial, temperatura cop\u00f3rea e satura\u00e7\u00e3o.<\/p>\n<p><strong>O que faz um T\u00e9cnico em Enfermagem: <\/strong>preparo do paciente para consultas e procedimentos,\u00a0 segue orienta\u00e7\u00f5es dos enfermeiros e e da equipe m\u00e9dica, auxilia na higiene dos pacientes, colhe materiais de exames, aplica inje\u00e7\u00f5es, realiza curativos,\u00a0 esterilizar instrumentos e equipamentos hospitalares,\u00a0 realiza\u00e7\u00f5es anota\u00e7\u00f5es de enfermagem, principalmente dos sinais vitais : aferi\u00e7\u00e3o de press\u00e3o arterial, temperatura corp\u00f3rea e satura\u00e7\u00e3o. Presta assist\u00eancia aos pacientes, sob supervis\u00e3o do enfermeiro: na Unidade Terapia Intensiva (UTI), na Urg\u00eancia e Emerg\u00eancia (Pronto socorro e SAMU), no pr\u00e9-p\u00f3s cir\u00fargico, nos Postos de Sa\u00fade, Maternidade e Pediatria, Nefrologia (di\u00e1lise), Oncologia (pacientes com c\u00e2ncer), Psiquiatria e em outras \u00e1reas espec\u00edficas.<\/p>\n<p><b>Informa\u00e7\u00f5es sobre os itiner\u00e1rios formativos (caminhos de forma\u00e7\u00e3o) do T\u00e9cnico em Enfermagem <\/b><\/p>\n<p>Dura\u00e7\u00e3o do curso de cuidador de idosos: 276 horas ( 06 meses de aulas)<\/p>\n<p>Dura\u00e7\u00e3o do curso de Auxiliar de Enfermagem: 710 horas de aulas te\u00f3rico-pr\u00e1tica\u00a0 e 400 horas de est\u00e1gio \u00a0( 18 meses de aulas )<\/p>\n<p>Dura\u00e7\u00e3o do curso 1800 horas: 1200 horas de aulas te\u00f3rico-pr\u00e1tica\u00a0 e 400 horas de est\u00e1gio ( 30 meses de aulas )<\/p>\n<p>Per\u00edodo de matricula:<\/p>\n<p>Para iniciar o primeiro semestre:\u00a0 Novembro, Dezembro, Janeiro e Fevereiro\u00a0 Para \u00a0iniciar no segundo semestre:\u00a0 Junho, Julho e Agosto<\/p>\n<p>Modalidade: presencial<\/p>\n<p>Aulas \u00a0de segunda a sexta-feira,<\/p>\n<p>Per\u00edodo noturno\u00a0 ( das 19:00 \u00e0s 23:00 ) e per\u00edodo diurno ( 08:00 \u00e0s 12:00)<\/p>\n<p>Pr\u00e9-requisito para cuidador de idosos e auxiliar de enfermagem: ter 17 anos e ter conclu\u00eddo ensino fundamental<\/p>\n<p>Pr\u00e9-requisito: ter 17 anos, estar cursando o ensino m\u00e9dio ou ter conclu\u00eddo<\/p>\n<p><strong>Documentos de matricula <\/strong><\/p>\n<ul>\n<li>RG e CPF<\/li>\n<li>Comprovante de resid\u00eancia<\/li>\n<li>Hist\u00f3rico escolar do ensino fundamental ( para Cuidador e Auxiliar de Enfermagem)<\/li>\n<li>Hist\u00f3rico escolar do ensino m\u00e9dio ou declara\u00e7\u00e3o de que esta cursando do 2\u00ba colegial ( para T\u00e9cnico de Enfermagem)<\/li>\n<li>Certid\u00e3o de Nascimento ou casamento<\/li>\n<li>1 foto 3X4<\/li>\n<\/ul>\n<p>[\/vc_column_text][\/vc_column][\/vc_row]<\/p>\n","protected":false},"excerpt":{"rendered":"<p><strong>Confira os Valores:<\/strong><\/p>\n<ul>\n<li>Matricula: R$ 99,00<\/li>\n<li><strong>Mensalidades a partir de:<br \/>\n<span style=\"color: #ff0000;font-size: 20px\">R$ 250,00<\/span><\/strong><br \/>\n<em>consulte formas de pagamento<\/em><\/li>\n<\/ul>\n<p>&nbsp;<\/p>\n<p><a href=\"https:\/\/bit.ly\/3wnmWMF\" target=\"_blank\" rel=\"noopener\"><img loading=\"lazy\" class=\"alignnone size-medium wp-image-2085\" src=\"https:\/\/institutoplenus.com.br\/web\/wp-content\/uploads\/2021\/06\/fale-com-instituto-plenus-300x72.png\" alt=\"Fale com o Instituto Plenus\" width=\"300\" height=\"72\" \/><\/a><\/p>\n","protected":false},"featured_media":2087,"comment_status":"open","ping_status":"closed","template":"","meta":[],"product_cat":[15],"product_tag":[107],"_links":{"self":[{"href":"https:\/\/institutoplenus.com.br\/web\/wp-json\/wp\/v2\/product\/2033"}],"collection":[{"href":"https:\/\/institutoplenus.com.br\/web\/wp-json\/wp\/v2\/product"}],"about":[{"href":"https:\/\/institutoplenus.com.br\/web\/wp-json\/wp\/v2\/types\/product"}],"replies":[{"embeddable":true,"href":"https:\/\/institutoplenus.com.br\/web\/wp-json\/wp\/v2\/comments?post=2033"}],"wp:featuredmedia":[{"embeddable":true,"href":"https:\/\/institutoplenus.com.br\/web\/wp-json\/wp\/v2\/media\/2087"}],"wp:attachment":[{"href":"https:\/\/institutoplenus.com.br\/web\/wp-json\/wp\/v2\/media?parent=2033"}],"wp:term":[{"taxonomy":"product_cat","embeddable":true,"href":"https:\/\/institutoplenus.com.br\/web\/wp-json\/wp\/v2\/product_cat?post=2033"},{"taxonomy":"product_tag","embeddable":true,"href":"https:\/\/institutoplenus.com.br\/web\/wp-json\/wp\/v2\/product_tag?post=2033"}],"curies":[{"name":"wp","href":"https:\/\/api.w.org\/{rel}","templated":true}]}}