{"id":2026,"date":"2021-06-06T19:10:21","date_gmt":"2021-06-06T19:10:21","guid":{"rendered":"https:\/\/institutoplenus.com.br\/web\/?post_type=product&#038;p=2026"},"modified":"2021-07-21T00:10:41","modified_gmt":"2021-07-21T00:10:41","slug":"tecnico-em-agropecuaria","status":"publish","type":"product","link":"https:\/\/institutoplenus.com.br\/web\/cursos\/tecnico-em-agropecuaria\/","title":{"rendered":"T\u00e9cnico em Agropecu\u00e1ria"},"content":{"rendered":"<p>[vc_row][vc_column][vc_column_text]A agropecu\u00e1ria \u00e9 uma\u00a0 das principais atividades econ\u00f4micas, se n\u00e3o a principal,\u00a0 desenvolvidas no Brasil, ela se desenvolve no meio rural atrav\u00e9s do plantio gr\u00e3os, frutas, leguminosas, hortaliceas, da planta\u00e7\u00e3o de madeiras, da cria\u00e7\u00e3o de animais de cortes ( aves, boi, porco, peixe, entre outros).<\/p>\n<p><strong>O que faz um t\u00e9cnico em agropecu\u00e1ria:<\/strong><\/p>\n<ul>\n<li>Planeja, executa, acampanha, supervisiona projetos agropecu\u00e1rios;<\/li>\n<li>Administra propriedades rurais ;<\/li>\n<li>Elabora e monitora programas preventivos de sanitiza\u00e7\u00e3o da produ\u00e7\u00e3o animal, vegetal e agroindustrial;<\/li>\n<li>Atuar em programas de assistencia t\u00e9cnica,expans\u00e3o rural e pesquisa.<\/li>\n<\/ul>\n<p><strong>Onde trabalhar: <\/strong>Instituto de pesquisas, propriedades rurais, \u00f3rg\u00e3os governamentais, empresas comerciais, estabelecimentos agroind\u00fastrias, empresas de produ\u00e7\u00e3o e assist\u00eancia t\u00e9cnica de maquin\u00e1rios e tecnologias para produ\u00e7\u00e3o agropecu\u00e1ria, parques e reservas naturais.<\/p>\n<p><strong>Informa\u00e7\u00f5es sobre o curso T\u00e9cnico Agropecu\u00e1ria<\/strong><\/p>\n<ul>\n<li>Dura\u00e7\u00e3o do curso 24 meses<\/li>\n<li>Per\u00edodo de matricula: voc\u00ea pode iniciar o curso em qualquer per\u00edodo do ano<\/li>\n<li>Modalidade: presencial<\/li>\n<li>Aulas de segunda a sexta-feira,<\/li>\n<li>Per\u00edodo noturno<\/li>\n<li>Pr\u00e9 requisto: ter 16 anos, estar cursando o ensino m\u00e9dio ou ter conclu\u00eddo<\/li>\n<li>Carga Hor\u00e1ria: 1200 horas<\/li>\n<li>Est\u00e1gio supervisionado: optativo ( o aluno pode realizar ou n\u00e3o o est\u00e1gio)<\/li>\n<\/ul>\n<p><strong>Documentos de matricula <\/strong><\/p>\n<ul>\n<li>RG e CPF<\/li>\n<li>Comprovante de resid\u00eancia<\/li>\n<li>Hist\u00f3rico escolar do ensino m\u00e9dio ou declara\u00e7\u00e3o de que esta cursando do 2\u00ba colegial<\/li>\n<li>Certid\u00e3o de Nascimento ou casamento<\/li>\n<li>1 foto 3X4<\/li>\n<\/ul>\n<p>[\/vc_column_text][\/vc_column][\/vc_row]<\/p>\n","protected":false},"excerpt":{"rendered":"<p><strong>Confira os Valores:<\/strong><\/p>\n<ul>\n<li>Matricula: R$ 99,00<\/li>\n<li><strong>Mensalidades a partir de:<br \/>\n<span style=\"color: #ff0000;font-size: 20px\">R$ 194,00<\/span><\/strong><br \/>\n<em>consulte formas de pagamento<\/em><\/li>\n<\/ul>\n<p>&nbsp;<\/p>\n<p><a href=\"https:\/\/bit.ly\/3wnmWMF\" target=\"_blank\" rel=\"noopener\"><img loading=\"lazy\" class=\"alignnone size-medium wp-image-2085\" src=\"https:\/\/institutoplenus.com.br\/web\/wp-content\/uploads\/2021\/06\/fale-com-instituto-plenus-300x72.png\" alt=\"Fale com o Instituto Plenus\" width=\"300\" height=\"72\" \/><\/a><\/p>\n","protected":false},"featured_media":2088,"comment_status":"open","ping_status":"closed","template":"","meta":[],"product_cat":[15],"product_tag":[106],"_links":{"self":[{"href":"https:\/\/institutoplenus.com.br\/web\/wp-json\/wp\/v2\/product\/2026"}],"collection":[{"href":"https:\/\/institutoplenus.com.br\/web\/wp-json\/wp\/v2\/product"}],"about":[{"href":"https:\/\/institutoplenus.com.br\/web\/wp-json\/wp\/v2\/types\/product"}],"replies":[{"embeddable":true,"href":"https:\/\/institutoplenus.com.br\/web\/wp-json\/wp\/v2\/comments?post=2026"}],"wp:featuredmedia":[{"embeddable":true,"href":"https:\/\/institutoplenus.com.br\/web\/wp-json\/wp\/v2\/media\/2088"}],"wp:attachment":[{"href":"https:\/\/institutoplenus.com.br\/web\/wp-json\/wp\/v2\/media?parent=2026"}],"wp:term":[{"taxonomy":"product_cat","embeddable":true,"href":"https:\/\/institutoplenus.com.br\/web\/wp-json\/wp\/v2\/product_cat?post=2026"},{"taxonomy":"product_tag","embeddable":true,"href":"https:\/\/institutoplenus.com.br\/web\/wp-json\/wp\/v2\/product_tag?post=2026"}],"curies":[{"name":"wp","href":"https:\/\/api.w.org\/{rel}","templated":true}]}}